{"id":292,"date":"2022-05-05T08:34:09","date_gmt":"2022-05-05T07:34:09","guid":{"rendered":"https:\/\/avicola.avicolaonline.com\/?page_id=292"},"modified":"2024-01-09T13:17:09","modified_gmt":"2024-01-09T12:17:09","slug":"empresa-de-venta-avicola","status":"publish","type":"page","link":"https:\/\/avicolaonline.com\/index.php\/empresa-de-venta-avicola\/","title":{"rendered":"Venta de avicultura productiva"},"content":{"rendered":"<p>[et_pb_section fb_built=\u00bb1&#8243; fullwidth=\u00bbon\u00bb disabled_on=\u00bboff|off|off\u00bb admin_label=\u00bbHero\u00bb _builder_version=\u00bb4.16&#8243; background_color=\u00bb#1f1f1f\u00bb parallax=\u00bbon\u00bb custom_padding=\u00bb|||\u00bb transparent_background=\u00bbon\u00bb collapsed=\u00bboff\u00bb global_colors_info=\u00bb{}\u00bb][et_pb_fullwidth_header title=\u00bbAvicola ONLINE\u00bb text_orientation=\u00bbcenter\u00bb header_fullscreen=\u00bbon\u00bb header_scroll_down=\u00bbon\u00bb scroll_down_icon=\u00bb%%0%%\u00bb scroll_down_icon_color=\u00bb#ffffff\u00bb scroll_down_icon_size=\u00bb32px\u00bb button_one_text=\u00bbServicios\u00bb button_one_url=\u00bb@ET-DC@eyJkeW5hbWljIjp0cnVlLCJjb250ZW50IjoicG9zdF9saW5rX3VybF9wYWdlIiwic2V0dGluZ3MiOnsicG9zdF9pZCI6IjMyNCJ9fQ==@\u00bb button_two_text=\u00bbEmpresa\u00bb button_two_url=\u00bb@ET-DC@eyJkeW5hbWljIjp0cnVlLCJjb250ZW50IjoicG9zdF9saW5rX3VybF9wYWdlIiwic2V0dGluZ3MiOnsicG9zdF9pZCI6IjE2MCJ9fQ==@\u00bb background_overlay_color=\u00bbrgba(31,31,31,0.8)\u00bb subhead_font_color=\u00bb#bebebe\u00bb title_tablet=\u00bb\u00bb title_phone=\u00bbAv\u00edcola Online\u00bb title_last_edited=\u00bbon|phone\u00bb admin_label=\u00bbT\u00edtulo de anchura completa\u00bb _builder_version=\u00bb4.17.4&#8243; _dynamic_attributes=\u00bbbutton_two_url,button_one_url\u00bb title_font=\u00bbPlayfair Display||||\u00bb title_text_align=\u00bbcenter\u00bb title_text_color=\u00bb#ffffff\u00bb title_font_size=\u00bb72px\u00bb title_line_height=\u00bb1.3em\u00bb content_font=\u00bbMontserrat||||\u00bb content_text_color=\u00bb#bfbfbf\u00bb content_font_size=\u00bb21px\u00bb content_letter_spacing=\u00bb3px\u00bb subhead_font=\u00bbMontserrat||||\u00bb subhead_text_color=\u00bb#bebebe\u00bb subhead_line_height=\u00bb1.8em\u00bb background_color=\u00bbrgba(255, 255, 255, 0)\u00bb background_image=\u00bbhttps:\/\/avicola.avicolaonline.com\/wp-content\/uploads\/2021\/04\/Gallinas-ponedoras.jpg\u00bb parallax=\u00bbon\u00bb parallax_method=\u00bbon\u00bb custom_button_one=\u00bbon\u00bb button_one_text_size=\u00bb15px\u00bb button_one_text_color=\u00bb#ffffff\u00bb button_one_border_width=\u00bb2px\u00bb button_one_border_color=\u00bb#ffffff\u00bb button_one_border_radius=\u00bb0px\u00bb button_one_letter_spacing=\u00bb1px\u00bb button_one_font=\u00bbMontserrat|||on|\u00bb button_one_use_icon=\u00bboff\u00bb custom_button_two=\u00bbon\u00bb button_two_text_size=\u00bb15px\u00bb button_two_text_color=\u00bb#ffffff\u00bb button_two_bg_color=\u00bb#c39d63&#8243; button_two_border_width=\u00bb2px\u00bb button_two_border_color=\u00bb#c39d63&#8243; button_two_border_radius=\u00bb0px\u00bb button_two_letter_spacing=\u00bb1px\u00bb button_two_font=\u00bbMontserrat|||on|\u00bb button_two_use_icon=\u00bboff\u00bb custom_margin=\u00bb0px||||false|false\u00bb custom_margin_tablet=\u00bb\u00bb custom_margin_phone=\u00bb20px||||false|false\u00bb custom_margin_last_edited=\u00bbon|phone\u00bb animation_style=\u00bbzoom\u00bb animation_duration=\u00bb1500ms\u00bb animation_intensity_zoom=\u00bb4%\u00bb title_font_size_tablet=\u00bb\u00bb title_font_size_phone=\u00bb44px\u00bb title_font_size_last_edited=\u00bbon|phone\u00bb title_line_height_last_edited=\u00bboff|desktop\u00bb content_font_size_tablet=\u00bb\u00bb content_font_size_phone=\u00bb16px\u00bb content_font_size_last_edited=\u00bbon|phone\u00bb button_one_border_radius_hover=\u00bb0px\u00bb button_one_letter_spacing_hover=\u00bb1px\u00bb button_two_letter_spacing_hover=\u00bb1px\u00bb global_colors_info=\u00bb{}\u00bb button_one_text_size__hover_enabled=\u00bboff\u00bb button_two_text_size__hover_enabled=\u00bboff\u00bb button_one_text_color__hover_enabled=\u00bboff\u00bb button_two_text_color__hover_enabled=\u00bboff\u00bb button_one_border_width__hover_enabled=\u00bboff\u00bb button_two_border_width__hover_enabled=\u00bboff\u00bb button_one_border_color__hover_enabled=\u00bboff\u00bb button_two_border_color__hover_enabled=\u00bboff\u00bb button_one_border_radius__hover_enabled=\u00bbon\u00bb button_one_border_radius__hover=\u00bb0px\u00bb button_two_border_radius__hover_enabled=\u00bboff\u00bb button_one_letter_spacing__hover_enabled=\u00bbon\u00bb button_one_letter_spacing__hover=\u00bb1px\u00bb button_two_letter_spacing__hover_enabled=\u00bbon\u00bb button_two_letter_spacing__hover=\u00bb1px\u00bb button_one_bg_color__hover_enabled=\u00bboff\u00bb button_two_bg_color__hover_enabled=\u00bboff\u00bb]&nbsp;<\/p>\n<h2 style=\"text-align: center;\">Somos una empresa de venta av\u00edcola especializada en la distribuci\u00f3n de aves de corral, orientadas a producciones camperas para el autoconsumo.<\/h2>\n<p>&nbsp;<br \/>\n[\/et_pb_fullwidth_header][\/et_pb_section][et_pb_section fb_built=\u00bb1&#8243; admin_label=\u00bbWelcome To Royal\u00bb _builder_version=\u00bb4.16&#8243; background_color=\u00bb#ffffff\u00bb background_position=\u00bbtop_left\u00bb custom_margin=\u00bb||-2px|||\u00bb custom_padding=\u00bb19px|0px|15px|0px||\u00bb collapsed=\u00bboff\u00bb global_colors_info=\u00bb{}\u00bb][et_pb_row column_structure=\u00bb3_5,2_5&#8243; _builder_version=\u00bb4.17.4&#8243; background_size=\u00bbinitial\u00bb background_position=\u00bbtop_left\u00bb background_repeat=\u00bbrepeat\u00bb min_height=\u00bb546.7px\u00bb custom_margin=\u00bb-24px|auto|31px|auto||\u00bb custom_padding=\u00bb57px||0px|||\u00bb hover_enabled=\u00bb0&#8243; collapsed=\u00bboff\u00bb global_colors_info=\u00bb{}\u00bb sticky_enabled=\u00bb0&#8243;][et_pb_column type=\u00bb3_5&#8243; _builder_version=\u00bb4.16&#8243; background_position=\u00bbtop_left\u00bb custom_padding=\u00bb60px|||\u00bb global_colors_info=\u00bb{}\u00bb custom_padding__hover=\u00bb|||\u00bb][et_pb_text content_tablet=\u00bb\u00bb content_phone=\u00bb\u00bb content_last_edited=\u00bbon|tablet\u00bb disabled_on=\u00bboff|off|off\u00bb _builder_version=\u00bb4.16&#8243; text_font=\u00bb||||||||\u00bb text_text_color=\u00bb#000000&#8243; header_font=\u00bb||||||||\u00bb header_text_color=\u00bb#000000&#8243; header_2_font=\u00bbPlayfair Display||||\u00bb header_2_font_size=\u00bb42px\u00bb header_2_line_height=\u00bb1.3em\u00bb background_size=\u00bbinitial\u00bb background_position=\u00bbtop_left\u00bb background_repeat=\u00bbrepeat\u00bb custom_margin_tablet=\u00bb\u00bb custom_margin_phone=\u00bb-100px||||false|false\u00bb custom_margin_last_edited=\u00bbon|phone\u00bb global_colors_info=\u00bb{}\u00bb header_font_size__hover=\u00bb30px\u00bb header_font_size__hover_enabled=\u00bb30px\u00bb header_letter_spacing__hover=\u00bb0px\u00bb header_letter_spacing__hover_enabled=\u00bb0px\u00bb header_text_shadow_style__hover=\u00bbnone\u00bb header_text_shadow_style__hover_enabled=\u00bbnone\u00bb header_text_shadow_color__hover=\u00bbrgba(0,0,0,0.4)\u00bb header_text_shadow_color__hover_enabled=\u00bbrgba(0,0,0,0.4)\u00bb]<\/p>\n<h2 style=\"text-align: center;\">\u00bfQu\u00e9 podemos ofrecerte?<\/h2>\n<p>[\/et_pb_text][et_pb_text _builder_version=\u00bb4.17.4&#8243; text_font=\u00bbMontserrat||||\u00bb text_text_color=\u00bb#939393&#8243; text_font_size=\u00bb17px\u00bb text_line_height=\u00bb1.8em\u00bb header_font=\u00bb||||\u00bb background_size=\u00bbinitial\u00bb background_position=\u00bbtop_left\u00bb background_repeat=\u00bbrepeat\u00bb max_width=\u00bb700px\u00bb animation_style=\u00bbslide\u00bb animation_direction=\u00bbtop\u00bb animation_intensity_slide=\u00bb4%\u00bb hover_enabled=\u00bb0&#8243; global_colors_info=\u00bb{}\u00bb sticky_enabled=\u00bb0&#8243;]<\/p>\n<p>Varias d\u00e9cadas dedicadas en exclusividad a la avicultura productiva. La mayor calidad y el mejor servicio a t\u00fa alcance.<\/p>\n<p>Contamos con las gallinas ponedoras h\u00edbridas m\u00e1s productivas, entre las que se encuentran la blanca, la negra, Rubia premium, ponedora azur, marans, olive. En pollos, el Campero rubio, el campero de cuello pelado, franciscano. Pavos de carne, capones, patos, palomas\u2026<\/p>\n<p>Tambi\u00e9n disponemos de piensos.<\/p>\n<p>&nbsp;<\/p>\n<p>[\/et_pb_text][\/et_pb_column][et_pb_column type=\u00bb2_5&#8243; _builder_version=\u00bb4.16&#8243; background_position=\u00bbtop_left\u00bb custom_padding=\u00bb|||\u00bb global_colors_info=\u00bb{}\u00bb custom_padding__hover=\u00bb|||\u00bb][et_pb_image src=\u00bbhttps:\/\/avicola.avicolaonline.com\/wp-content\/uploads\/2022\/05\/corral2.jpg\u00bb alt=\u00bbocas\u00bb title_text=\u00bbcorral2&#8243; force_fullwidth=\u00bbon\u00bb _builder_version=\u00bb4.16&#8243; custom_padding=\u00bb62px|||||\u00bb animation_style=\u00bbslide\u00bb animation_direction=\u00bbleft\u00bb animation_intensity_slide=\u00bb10%\u00bb always_center_on_mobile=\u00bboff\u00bb global_colors_info=\u00bb{}\u00bb][\/et_pb_image][\/et_pb_column][\/et_pb_row][\/et_pb_section]<\/p>\n","protected":false},"excerpt":{"rendered":"<p>&nbsp; Somos una empresa de venta av\u00edcola especializada en la distribuci\u00f3n de aves de corral, orientadas a producciones camperas para el autoconsumo. &nbsp; \u00bfQu\u00e9 podemos ofrecerte? Varias d\u00e9cadas dedicadas en exclusividad a la avicultura productiva. La mayor calidad y el mejor servicio a t\u00fa alcance. Contamos con las gallinas ponedoras h\u00edbridas m\u00e1s productivas, entre las [&hellip;]<\/p>\n","protected":false},"author":1,"featured_media":0,"parent":0,"menu_order":0,"comment_status":"closed","ping_status":"closed","template":"","meta":{"_et_pb_use_builder":"on","_et_pb_old_content":"","_et_gb_content_width":"","_joinchat":[],"footnotes":""},"class_list":["post-292","page","type-page","status-publish","hentry"],"yoast_head":"<!-- This site is optimized with the Yoast SEO plugin v27.3 - https:\/\/yoast.com\/product\/yoast-seo-wordpress\/ -->\n<title>Venta de avicultura productiva - Av\u00edcola Online<\/title>\n<meta name=\"description\" content=\"Somos una empresa de venta de av\u00edcultura productiva especializada en la distribuci\u00f3n de aves de corral, pollos camperos, pavos, etc, orientadas a producciones camperas para el autoconsumo\" \/>\n<meta name=\"robots\" content=\"index, follow, max-snippet:-1, max-image-preview:large, max-video-preview:-1\" \/>\n<link rel=\"canonical\" href=\"https:\/\/avicolaonline.com\/index.php\/empresa-de-venta-avicola\/\" \/>\n<meta property=\"og:locale\" content=\"es_ES\" \/>\n<meta property=\"og:type\" content=\"article\" \/>\n<meta property=\"og:title\" content=\"Venta de avicultura productiva - Av\u00edcola Online\" \/>\n<meta property=\"og:description\" content=\"Somos una empresa de venta de av\u00edcultura productiva especializada en la distribuci\u00f3n de aves de corral, pollos camperos, pavos, etc, orientadas a producciones camperas para el autoconsumo\" \/>\n<meta property=\"og:url\" content=\"https:\/\/avicolaonline.com\/index.php\/empresa-de-venta-avicola\/\" \/>\n<meta property=\"og:site_name\" content=\"Av\u00edcola Online\" \/>\n<meta property=\"article:modified_time\" content=\"2024-01-09T12:17:09+00:00\" \/>\n<meta name=\"twitter:card\" content=\"summary_large_image\" \/>\n<meta name=\"twitter:label1\" content=\"Tiempo de lectura\" \/>\n\t<meta name=\"twitter:data1\" content=\"2 minutos\" \/>\n<script type=\"application\/ld+json\" class=\"yoast-schema-graph\">{\"@context\":\"https:\\\/\\\/schema.org\",\"@graph\":[{\"@type\":\"WebPage\",\"@id\":\"https:\\\/\\\/avicolaonline.com\\\/index.php\\\/empresa-de-venta-avicola\\\/\",\"url\":\"https:\\\/\\\/avicolaonline.com\\\/index.php\\\/empresa-de-venta-avicola\\\/\",\"name\":\"Venta de avicultura productiva - Av\u00edcola Online\",\"isPartOf\":{\"@id\":\"https:\\\/\\\/avicolaonline.com\\\/#website\"},\"datePublished\":\"2022-05-05T07:34:09+00:00\",\"dateModified\":\"2024-01-09T12:17:09+00:00\",\"description\":\"Somos una empresa de venta de av\u00edcultura productiva especializada en la distribuci\u00f3n de aves de corral, pollos camperos, pavos, etc, orientadas a producciones camperas para el autoconsumo\",\"breadcrumb\":{\"@id\":\"https:\\\/\\\/avicolaonline.com\\\/index.php\\\/empresa-de-venta-avicola\\\/#breadcrumb\"},\"inLanguage\":\"es\",\"potentialAction\":[{\"@type\":\"ReadAction\",\"target\":[\"https:\\\/\\\/avicolaonline.com\\\/index.php\\\/empresa-de-venta-avicola\\\/\"]}]},{\"@type\":\"BreadcrumbList\",\"@id\":\"https:\\\/\\\/avicolaonline.com\\\/index.php\\\/empresa-de-venta-avicola\\\/#breadcrumb\",\"itemListElement\":[{\"@type\":\"ListItem\",\"position\":1,\"name\":\"Portada\",\"item\":\"https:\\\/\\\/avicolaonline.com\\\/\"},{\"@type\":\"ListItem\",\"position\":2,\"name\":\"Venta de avicultura productiva\"}]},{\"@type\":\"WebSite\",\"@id\":\"https:\\\/\\\/avicolaonline.com\\\/#website\",\"url\":\"https:\\\/\\\/avicolaonline.com\\\/\",\"name\":\"Av\u00edcola Online\",\"description\":\"Venta y distribuci\u00f3n de Aves en Zaragoza\",\"potentialAction\":[{\"@type\":\"SearchAction\",\"target\":{\"@type\":\"EntryPoint\",\"urlTemplate\":\"https:\\\/\\\/avicolaonline.com\\\/?s={search_term_string}\"},\"query-input\":{\"@type\":\"PropertyValueSpecification\",\"valueRequired\":true,\"valueName\":\"search_term_string\"}}],\"inLanguage\":\"es\"}]}<\/script>\n<!-- \/ Yoast SEO plugin. -->","yoast_head_json":{"title":"Venta de avicultura productiva - Av\u00edcola Online","description":"Somos una empresa de venta de av\u00edcultura productiva especializada en la distribuci\u00f3n de aves de corral, pollos camperos, pavos, etc, orientadas a producciones camperas para el autoconsumo","robots":{"index":"index","follow":"follow","max-snippet":"max-snippet:-1","max-image-preview":"max-image-preview:large","max-video-preview":"max-video-preview:-1"},"canonical":"https:\/\/avicolaonline.com\/index.php\/empresa-de-venta-avicola\/","og_locale":"es_ES","og_type":"article","og_title":"Venta de avicultura productiva - Av\u00edcola Online","og_description":"Somos una empresa de venta de av\u00edcultura productiva especializada en la distribuci\u00f3n de aves de corral, pollos camperos, pavos, etc, orientadas a producciones camperas para el autoconsumo","og_url":"https:\/\/avicolaonline.com\/index.php\/empresa-de-venta-avicola\/","og_site_name":"Av\u00edcola Online","article_modified_time":"2024-01-09T12:17:09+00:00","twitter_card":"summary_large_image","twitter_misc":{"Tiempo de lectura":"2 minutos"},"schema":{"@context":"https:\/\/schema.org","@graph":[{"@type":"WebPage","@id":"https:\/\/avicolaonline.com\/index.php\/empresa-de-venta-avicola\/","url":"https:\/\/avicolaonline.com\/index.php\/empresa-de-venta-avicola\/","name":"Venta de avicultura productiva - Av\u00edcola Online","isPartOf":{"@id":"https:\/\/avicolaonline.com\/#website"},"datePublished":"2022-05-05T07:34:09+00:00","dateModified":"2024-01-09T12:17:09+00:00","description":"Somos una empresa de venta de av\u00edcultura productiva especializada en la distribuci\u00f3n de aves de corral, pollos camperos, pavos, etc, orientadas a producciones camperas para el autoconsumo","breadcrumb":{"@id":"https:\/\/avicolaonline.com\/index.php\/empresa-de-venta-avicola\/#breadcrumb"},"inLanguage":"es","potentialAction":[{"@type":"ReadAction","target":["https:\/\/avicolaonline.com\/index.php\/empresa-de-venta-avicola\/"]}]},{"@type":"BreadcrumbList","@id":"https:\/\/avicolaonline.com\/index.php\/empresa-de-venta-avicola\/#breadcrumb","itemListElement":[{"@type":"ListItem","position":1,"name":"Portada","item":"https:\/\/avicolaonline.com\/"},{"@type":"ListItem","position":2,"name":"Venta de avicultura productiva"}]},{"@type":"WebSite","@id":"https:\/\/avicolaonline.com\/#website","url":"https:\/\/avicolaonline.com\/","name":"Av\u00edcola Online","description":"Venta y distribuci\u00f3n de Aves en Zaragoza","potentialAction":[{"@type":"SearchAction","target":{"@type":"EntryPoint","urlTemplate":"https:\/\/avicolaonline.com\/?s={search_term_string}"},"query-input":{"@type":"PropertyValueSpecification","valueRequired":true,"valueName":"search_term_string"}}],"inLanguage":"es"}]}},"jetpack_sharing_enabled":true,"_links":{"self":[{"href":"https:\/\/avicolaonline.com\/index.php\/wp-json\/wp\/v2\/pages\/292","targetHints":{"allow":["GET"]}}],"collection":[{"href":"https:\/\/avicolaonline.com\/index.php\/wp-json\/wp\/v2\/pages"}],"about":[{"href":"https:\/\/avicolaonline.com\/index.php\/wp-json\/wp\/v2\/types\/page"}],"author":[{"embeddable":true,"href":"https:\/\/avicolaonline.com\/index.php\/wp-json\/wp\/v2\/users\/1"}],"replies":[{"embeddable":true,"href":"https:\/\/avicolaonline.com\/index.php\/wp-json\/wp\/v2\/comments?post=292"}],"version-history":[{"count":0,"href":"https:\/\/avicolaonline.com\/index.php\/wp-json\/wp\/v2\/pages\/292\/revisions"}],"wp:attachment":[{"href":"https:\/\/avicolaonline.com\/index.php\/wp-json\/wp\/v2\/media?parent=292"}],"curies":[{"name":"wp","href":"https:\/\/api.w.org\/{rel}","templated":true}]}}